ate the highest common divisor of 138 and q.
69
Suppose -302*w = -287*w - 10605. Calculate the highest common divisor of w and 14.
7
Let a be 1*((-7 - -3) + 23) - -3. Suppose 3*x = x - 30. Let i be x/(-2)*(-88)/(-6). Calculate the greatest common factor of a and i.
22
Let w = -106 - -146. Let a(y) = -2 + y - 3 + 7 - 3*y. Let u be a(-4). What is the highest common factor of w and u?
10
Suppose -r + 25*l = 22*l - 60, 4*l - 141 = -3*r. Calculate the highest common divisor of 51 and r.
51
Suppose 0 = 4*y - 24 - 0. Suppose 15*a - 13*a - 48 = -2*h, -4*a + 3*h = -96. What is the highest common factor of y and a?
6
Let f(g) = -g**2 - 3*g + 2. Let w be f(-3). Let z(i) = -9*i**3 + i + 2. Let d be z(-1). What is the highest common factor of w and d?
2
Let g = -916 + 928. What is the highest common divisor of g and 60?
12
Let g be (-10)/(-65) - (-8416)/52. Let o(t) = -3*t - 33. Let x be o(-17). What is the highest common divisor of x and g?
18
Suppose -53 + 701 = 8*j. Calculate the greatest common factor of 3 and j.
3
Let c = 1 + 15. Suppose 28 = 4*l + 4*z, 206*l - 210*l + 2*z + 34 = 0. What is the highest common divisor of l and c?
8
Let z(a) = 5*a + 22. Let x(w) = -w**3 - 16*w**2 - 15*w + 6. Let o be x(-15). Let l be z(o). What is the greatest common divisor of l and 13?
13
Let z be 4*5*45/10. Suppose 6*o = 4*o + z. Calculate the greatest common factor of o and 18.
9
Suppose -227 - 235 = -2*p. Calculate the greatest common divisor of p and 33.
33
Let w = -16 - -37. Let s be 4/30*5*w. Suppose c = 2*u - 73, -3*c = -0*c + 9. What is the highest common divisor of s and u?
7
Suppose m - 89 + 7 = -3*w, -3*m + 230 = 5*w. What is the greatest common factor of 112 and m?
14
Suppose -6*r + 96 = -7*r. Let h = r + 119. Calculate the greatest common divisor of h and 207.
23
Suppose -26*j = -21*j - 70. Let u be 94/j - (-1 - (-10)/14). What is the highest common divisor of u and 1?
1
Let u = 2 + 2. Let p be (3 - (312/20)/6)*50. What is the highest common divisor of u and p?
4
Let g(s) be the first derivative of -s**3/3 + 2*s**2 - s - 3. Let b = 61 + -59. Let v be g(b). Calculate the greatest common divisor of 9 and v.
3
Suppose 120 = 2*p - 3*t, -4*p + 2*p - t = -104. Suppose 0 = 6*m - m - 135. What is the highest common divisor of m and p?
27
Let m(j) = -j**3 - 3*j**2 + 2*j - 3. Let s be m(-4). Let l be (-2)/3*-1 + 146/6. What is the highest common factor of s and l?
5
Let c be 370/15 + (-4 - 13/(-3)). Calculate the highest common factor of c and 25.
25
Let c(o) = -15*o + 270. Let l be c(17). Calculate the highest common factor of 465 and l.
15
Let w = 12 - 6. Suppose y + 1225 = w*y. Let z(a) = -a**3 - 21*a**2 - 24*a - 45. Let s be z(-20). What is the greatest common divisor of s and y?
35
Let f(u) = -u**2 - 15*u - 8. Let c be f(-6). Suppose 122 = -4*z - 2. Let s = c + z. What is the highest common divisor of s and 105?
15
Let v(j) be the third derivative of j**5/30 - 29*j**4/24 + 16*j**3/3 + 4*j**2. Let s be v(19). What is the greatest common divisor of 29 and s?
29
Let r = -1314 + 2338. Calculate the greatest common divisor of r and 16.
16
Let s = 220 + -157. What is the highest common divisor of 27 and s?
9
Let f be -2 + 1 - (-91 + -7 + 1). What is the highest common divisor of f and 224?
32
Let k be 3 - 3 - (-40 + 0). Suppose -5*p + 65 = u + 20, -2*p + 4*u + k = 0. What is the greatest common factor of 20 and p?
10
Suppose 0 = -7*v - 222 - 121. Let x = v - -73. Suppose 480 = 2*f + 3*f. What is the greatest common factor of x and f?
24
Let b(j) = j**3 + 30*j**2 - 32*j + 20. Let c be b(-31). What is the greatest common divisor of 1071 and c?
51
Suppose -3 - 39 = -k. Let c be -3 + 1 + 3 + 294. Let v = -190 + c. What is the highest common factor of k and v?
21
Let f = 128 - 86. Calculate the highest common divisor of f and 336.
42
Let j = 18091 + -18088. Let n be ((-39)/(-4))/(1/4). What is the highest common divisor of j and n?
3
Let l be 0 + 855/25 + (-2)/10. Suppose -5*o + 97 = -4*c - l, 5*o + 3*c = 103. What is the greatest common divisor of o and 207?
23
Let a(x) = 3*x - 3. Let k = 27 + -20. Let d be a(k). Calculate the highest common divisor of d and 6.
6
Let z(g) = 29*g - 68. Let p be z(3). Calculate the greatest common factor of p and 95.
19
Suppose -j + g + 14 = 4*j, -1 = -g. Let z be (j + -13)*(0 + 3 + -8). Calculate the greatest common divisor of 5 and z.
5
Let w(d) = -d**3 + 9*d**2 - 4*d + 6. Let h be w(4). Let o = h - 49. What is the greatest common factor of o and 12?
3
Let g = -23 + 43. Let o(p) = -p + 7. Let z be o(5). Suppose -4*a = -4*r + 220, 3*r = -z*a - 2*a + 200. Calculate the greatest common divisor of g and r.
20
Let s be -1 - -1*(0 - -11). Let n be 120/(-50) - (-4)/s. Let l(j) = 15*j**2 + j - 4. Let q be l(n). What is the highest common divisor of q and 18?
18
Suppose -10*q = -160 - 320. Let m(h) = -12*h. Let v be m(-1). Calculate the highest common factor of v and q.
12
Let d(s) be the first derivative of -2*s**3/3 + 7*s**2 + s + 1. Let k be (-15 - -7) + (14 - 0). Let z be d(k). What is the greatest common factor of z and 26?
13
Suppose 5*a = -t - 170, 120 = -4*a + t - 16. Let j = 36 - a. Calculate the greatest common divisor of j and 14.
14
Let j(h) = -h**2 - 6*h. Let y be j(-5). Suppose 5*s - 34 = -29. Let l = s + y. What is the greatest common divisor of 54 and l?
6
Suppose -12*f + 11*f - s = -104, 5*s - 316 = -3*f. What is the highest common divisor of 68 and f?
34
Suppose -3 = -a + 3. Suppose a*s = 8*s - 14. Suppose 0 = 4*b - 13 - s. Calculate the highest common factor of 1 and b.
1
Let b = -10 + 14. Suppose -2*d = b*i - 30, 0 = d + d - 3*i + 5. Suppose -d*o + 48 = -o. What is the greatest common factor of 24 and o?
12
Let p = 21 + -2. Let t = p + 1. Suppose y - 34 - 46 = 0. Calculate the greatest common factor of y and t.
20
Let v(x) = x**2 - 40*x + 47. Let d be v(39). Calculate the greatest common factor of d and 104.
8
Suppose 0 = -6*q + 2850 + 4602. Let k be (-1)/(-2) + q/12. Let o(p) = -p**2 - 9*p - 1. Let v be o(-7). What is the highest common factor of k and v?
13
Let c = -1409 + 1633. Calculate the highest common factor of c and 560.
112
Let w(y) = y**2 + y - 11. Let b be w(-8). Calculate the greatest common factor of 10 and b.
5
Suppose v - 13 = -0. Suppose -4*h + 132 = -4*y, -h + 16 = 3*y - v. What is the greatest common factor of 288 and h?
32
Let p be ((-40)/(-28))/((-4)/(-1036)). What is the greatest common divisor of 10 and p?
10
Suppose 7104 = 22*o + 15*o. What is the highest common divisor of o and 864?
96
Suppose -3*x - a - 4*a + 102 = 0, a = -3. What is the greatest common factor of x and 91?
13
Let f = 297 - 279. What is the greatest common factor of 171 and f?
9
Suppose 0 = 2*n - 4*r - 136, r + 78 = n + 4*r. Calculate the greatest common divisor of 552 and n.
24
Let q = 496 + 122. Suppose -4*l + q + 678 = 0. Calculate the greatest common factor of 36 and l.
36
Suppose 4*o = 3*r - 35, 2*r + 3*o = r + 3. Let b = 207 - 153. Calculate the highest common divisor of b and r.
9
Let g(y) = 7*y**2 - 4*y + 3. Let k be g(2). Suppose 4*u + m - 13 = 84, 5*u = -3*m + 130. Calculate the highest common divisor of k and u.
23
Let s be -6*(23/6 - 4). Let b be 30/(s - 15/(-6) - 2). What is the highest common factor of b and 4?
4
Suppose -20 = -5*g, -3*g = -105*s + 101*s + 14644. What is the greatest common divisor of s and 16?
16
Suppose -3*s = -6*s + 123. Suppose 0 = -p + s + 43. Let v = -40 + 61. Calculate the highest common factor of p and v.
21
Let u = -8 - -106. Suppose 0*z = 3*z - 42. Calculate the highest common divisor of u and z.
14
Let v(m) = m**3 - m**2 + 2*m + 2. Let z be v(0). Suppose 2*j - 4 = z. Suppose j*s - 4*s = -6. Calculate the greatest common factor of s and 24.
6
Suppose 2*n - 24 = -28. Let r(q) = 6*q**2 - 2. Let o be r(n). Suppose 2*s - 17 = -2*x - 3*x, -x = 5*s - 54. What is the greatest common divisor of s and o?
11
Suppose -c - 500 = -2*b, 2*b - 1249 = -3*b + 2*c. Suppose 2*v = -3*z + b, -250 = -2*v - 4*z + 2*z. What is the greatest common factor of 14 and v?
14
Suppose w - 44 = 4*f, 3*w - 6*f - 139 = -f. What is the highest common divisor of 78 and w?
6
Suppose 5*l - 210 = 2*l. Let u = 750 + -740. What is the highest common factor of u and l?
10
Let m(j) = j**3 + 7*j**2 + 9*j + 4. Let o be m(-5). Calculat